sands digit of 1179248692?
4
What is the ten thousands digit of 933374849?
7
What is the ten millions digit of 107456977?
0
What is the hundred thousands digit of 180854723?
8
What is the billions digit of 1851921338?
1
What is the ten thousands digit of 60481473?
8
What is the hundred thousands digit of 35635935?
6
What is the ten thousands digit of 26888440?
8
What is the ten thousands digit of 3438028?
3
What is the ten millions digit of 1459067786?
5
What is the ten millions digit of 42522930?
4
What is the millions digit of 4033189109?
3
What is the ten millions digit of 53624537?
5
What is the hundred millions digit of 110120927?
1
What is the hundred thousands digit of 461584816?
5
What is the ten millions digit of 405238524?
0
What is the hundreds digit of 901993899?
8
What is the ten thousands digit of 68504648?
0
What is the hundreds digit of 705063466?
4
What is the millions digit of 335915410?
5
What is the ten millions digit of 90234116?
9
What is the hundred millions digit of 1144322872?
1
What is the hundred thousands digit of 25710147?
7
What is the thousands digit of 47398096?
8
What is the tens digit of 4446601777?
7
What is the thousands digit of 242943692?
3
What is the tens digit of 398955094?
9
What is the ten thousands digit of 11279834?
7
What is the ten thousands digit of 4492790?
9
What is the units digit of 137430856?
6
What is the millions digit of 929877454?
9
What is the millions digit of 546330157?
6
What is the hundreds digit of 98268319?
3
What is the millions digit of 47248960?
7
What is the hundreds digit of 231705322?
3
What is the ten thousands digit of 73907277?
0
What is the hundred millions digit of 2010002285?
0
What is the ten millions digit of 4104439946?
0
What is the hundred thousands digit of 36141794?
1
What is the units digit of 118780745?
5
What is the ten thousands digit of 798551798?
5
What is the thousands digit of 114615577?
5
What is the tens digit of 18693504?
0
What is the hundred thousands digit of 130080395?
0
What is the ten millions digit of 3078558819?
7
What is the units digit of 9219743396?
6
What is the ten thousands digit of 712742822?
4
What is the tens digit of 1059836030?
3
What is the millions digit of 196601066?
6
What is the ten millions digit of 144888074?
4
What is the ten thousands digit of 2848531468?
3
What is the thousands digit of 2235501213?
1
What is the tens digit of 60456142?
4
What is the millions digit of 146585615?
6
What is the ten thousands digit of 1229460077?
6
What is the billions digit of 3332024655?
3
What is the millions digit of 15208027?
5
What is the ten thousands digit of 909853916?
5
What is the units digit of 55510132?
2
What is the units digit of 267082096?
6
What is the hundreds digit of 49320606?
6
What is the tens digit of 1066061757?
5
What is the ten thousands digit of 48615411?
1
What is the ten millions digit of 15174392?
1
What is the ten thousands digit of 383413282?
1
What is the thousands digit of 523468609?
8
What is the units digit of 3400335547?
7
What is the thousands digit of 49977220?
7
What is the billions digit of 6210318675?
6
What is the hundreds digit of 318489454?
4
What is the hundreds digit of 596298616?
6
What is the hundreds digit of 158737402?
4
What is the units digit of 175423594?
4
What is the ten millions digit of 199075469?
9
What is the hundreds digit of 1002441310?
3
What is the hundred thousands digit of 286008518?
0
What is the hundred thousands digit of 1716265213?
2
What is the tens digit of 2382534647?
4
What is the thousands digit of 829310426?
0
What is the billions digit of 4377171793?
4
What is the hundreds digit of 444833270?
2
What is the units digit of 223094410?
0
What is the billions digit of 3018923074?
3
What is the ten millions digit of 182694943?
8
What is the billions digit of 1701538597?
1
What is the ten millions digit of 502384247?
0
What is the millions digit of 509019888?
9
What is the ten thousands digit of 95165338?
6
What is the units digit of 20779347?
7
What is the ten millions digit of 983403348?
8
What is the tens digit of 68340052?
5
What is the thousands digit of 72739048?
9
What is the hundred millions digit of 377447772?
3
What is the ten thousands digit of 26357130?
5
What is the hundreds digit of 18678628?
6
What is the ten thousands digit of 53251415?
5
What is the billions digit of 1843890776?
1
What is the ten millions digit of 2061329326?
6
What is the ten millions digit of 317343862?
1
What is the millions digit of 3619123?
3
What is the thousands digit of 6224610192?
0
What is the hundreds digit of 34911365?
3
What is the ten thousands digit of 51226326?
2
What is the hundred millions digit of 2897013578?
8
What is the tens digit of 62366776?
7
What is the tens digit of 74417119?
1
What is the ten thousands digit of 58113755?
1
What is the billions digit of 2023254987?
2
What is the hundreds digit of 26912714?
7
What is the hundred thousands digit of 66448338?
4
What is the hundreds digit of 411612059?
0
What is the hundred millions digit of 596811120?
5
What is the hundreds digit of 38167769?
7
What is the ten millions digit of 41050595?
4
What is the ten millions digit of 1746291502?
4
What is the units digit of 32070883?
3
What is the ten millions digit of 210866822?
1
What is the millions digit of 145259737?
5
What is the hundred millions digit of 713645918?
7
What is the units digit of 450502820?
0
What is the tens digit of 106224022?
2
What is the hundred millions digit of 442087043?
4
What is the tens digit of 5887045449?
4
What is the units digit of 1319330104?
4
What is the hundred thousands digit of 364918518?
9
What is the millions digit of 8988597437?
8
What is the millions digit of 465951105?
5
What is the hundreds digit of 96227625?
6
What is the ten thousands digit of 625628140?
2
What is the ten thousands digit of 158727545?
2
What is the thousands digit of 2234427350?
7
What is the hundreds digit of 281427628?
6
What is the ten millions digit of 348685573?
4
What is the ten thousands digit of 1027103507?
0
What is the ten millions digit of 671871501?
7
What is the hundreds digit of 16535362?
3
What is the hundred thousands digit of 224336563?
3
What is the ten thousands digit of 4928805372?
0
What is the tens digit of 415942382?
8
What is the ten millions digit of 281411743?
8
What is the ten thousands digit of 657742352?
4
What is the units digit of 439735822?
2
What is the hundreds digit of 24385493?
4
What is the thousands digit of 13291619?
1
What is the ten millions digit of 319910450?
1
What is the ten thousands digit of 151279398?
7
What is the hundreds digit of 429164112?
1
What is the thousands digit of 1022158316?
8
What is the tens digit of 19824948?
4
What is the hundred thousands digit of 2321458044?
4
What is the ten thousands digit of 443787260?
8
What is the hundred millions digit of 350287002?
3
What is the thousands digit of 76209821?
9
What is the ten millions digit of 48294815?
4
What is the units digit of 65972785?
5
What is the hundred thousands digit of 186042222?
0
What is the millions digit of 47925626?
7
What is the hundred thousands digit of 526526268?
5
What is the millions digit of 132857125?
2
What is the ten millions digit of 538648538?
3
What is the millions digit of 6007466219?
7
What is the ten millions digit of 618940992?
1
What is the ten thousands digit of 816887311?
8
What is the hundreds digit of 9289468?
4
What is the millions digit of 35391052?
5
What is the ten thousands digit of 492573198?
7
What is the ten millions digit of 212114342?
1
What is the hundred thousands digit of 448532244?
5
What is the ten millions digit of 38729177?
3
What is the millions digit of 2198902801?
8
What is the units digit of 11327734?
4
What is the thousands digit of 1815290090?
0
What is the millions digit of 89328918?
9
What is the hundred thousands digit of 25564970?
5
What is the hundred thousands digit of 7846010140?
0
What is the hundred thousands digit of 466265100?
2
What is the units digit of 1061329041?
1
What is the hundred millions digit of 350398593?
3
What is the hundred millions digit of 477909235?
4
What is the ten millions digit of 157604247?
5
What is the hundreds digit of 273098585?
5
What is the tens digit 